{"id":35,"date":"2016-11-14T15:30:46","date_gmt":"2016-11-14T15:30:46","guid":{"rendered":"http:\/\/fernandezsalvador.gob.ec\/web\/?page_id=35"},"modified":"2017-02-03T16:13:25","modified_gmt":"2017-02-03T16:13:25","slug":"comisiones","status":"publish","type":"page","link":"http:\/\/fernandezsalvador.gob.ec\/web\/la-parroquia\/gad-parroquial\/comisiones\/","title":{"rendered":"LOCALIZACI\u00d3N"},"content":{"rendered":"<p>[vc_row][vc_column][vc_single_image alignment=\u00bbcenter\u00bb onclick=\u00bblink_image\u00bb css_animation=\u00bbboc_animate_when_almost_visible boc_left-to-right\u00bb image=\u00bb879&#8243;][vc_column_text]La Parroquia Fern\u00e1ndez Salvador se ubica al oriente de la Ciudad de San Gabriel. Al norte limita con la parroquia Mariscal Sucre y con la parroquia urbana de Huaca, hacia el este con el cant\u00f3n Sucumb\u00edos, al sur con la parroquia de Piartal, y al occidente con las parroquias de Chit\u00e1n de Navarretes y Crist\u00f3bal Col\u00f3n. Sus coordenadas \u00a0geogr\u00e1ficas \u00a0abarcan \u00a0desde \u00a0los 77\u00b0\u00a0 39\u2019 \u00a046\u201d\u00a0 hasta\u00a0\u00a0 \u00a077\u00b0 \u00a046\u2019 \u00a037\u201d longitud oeste; y, \u00a000\u00b0 31\u2019 53\u201d hasta 00\u00b0 36\u2019 24\u2019\u2019 latitud norte. Se ubica a 3 km de San Gabriel y 37 km de Tulc\u00e1n, con una superficie de 31,83 km2 y una densidad demogr\u00e1fica de 40,27 hab\/km2.[\/vc_column_text][\/vc_column][\/vc_row]<\/p>\n","protected":false},"excerpt":{"rendered":"<p>[vc_row][vc_column][vc_single_image alignment=\u00bbcenter\u00bb onclick=\u00bblink_image\u00bb css_animation=\u00bbboc_animate_when_almost_visible boc_left-to-right\u00bb image=\u00bb879&#8243;][vc_column_text]La Parroquia Fern\u00e1ndez Salvador se ubica al oriente de la Ciudad de San Gabriel. Al norte limita con la parroquia Mariscal Sucre y con la parroquia urbana de Huaca, hacia el este con el cant\u00f3n Sucumb\u00edos, al sur con la parroquia de Piartal, y al occidente con las parroquias de Chit\u00e1n de Navarretes y Crist\u00f3bal<\/p>\n<div class=\"h10\"><\/div>\n<p><a class=\"more-link1\" href=\"http:\/\/fernandezsalvador.gob.ec\/web\/la-parroquia\/gad-parroquial\/comisiones\/\">Read more<\/a><\/p>\n","protected":false},"author":1,"featured_media":0,"parent":31,"menu_order":0,"comment_status":"closed","ping_status":"closed","template":"","meta":{"footnotes":""},"_links":{"self":[{"href":"http:\/\/fernandezsalvador.gob.ec\/web\/wp-json\/wp\/v2\/pages\/35"}],"collection":[{"href":"http:\/\/fernandezsalvador.gob.ec\/web\/wp-json\/wp\/v2\/pages"}],"about":[{"href":"http:\/\/fernandezsalvador.gob.ec\/web\/wp-json\/wp\/v2\/types\/page"}],"author":[{"embeddable":true,"href":"http:\/\/fernandezsalvador.gob.ec\/web\/wp-json\/wp\/v2\/users\/1"}],"replies":[{"embeddable":true,"href":"http:\/\/fernandezsalvador.gob.ec\/web\/wp-json\/wp\/v2\/comments?post=35"}],"version-history":[{"count":9,"href":"http:\/\/fernandezsalvador.gob.ec\/web\/wp-json\/wp\/v2\/pages\/35\/revisions"}],"predecessor-version":[{"id":880,"href":"http:\/\/fernandezsalvador.gob.ec\/web\/wp-json\/wp\/v2\/pages\/35\/revisions\/880"}],"up":[{"embeddable":true,"href":"http:\/\/fernandezsalvador.gob.ec\/web\/wp-json\/wp\/v2\/pages\/31"}],"wp:attachment":[{"href":"http:\/\/fernandezsalvador.gob.ec\/web\/wp-json\/wp\/v2\/media?parent=35"}],"curies":[{"name":"wp","href":"https:\/\/api.w.org\/{rel}","templated":true}]}}