{"id":3073,"date":"2024-06-24T02:31:16","date_gmt":"2024-06-24T02:31:16","guid":{"rendered":"http:\/\/fernandezsalvador.gob.ec\/web\/?page_id=3073"},"modified":"2024-06-24T03:03:35","modified_gmt":"2024-06-24T03:03:35","slug":"rendicion-de-cuentas-2023","status":"publish","type":"page","link":"http:\/\/fernandezsalvador.gob.ec\/web\/rendicion-de-cuentas-2023\/","title":{"rendered":"RENDICI\u00d3N DE CUENTAS 2023"},"content":{"rendered":"<p>[vc_row][vc_column][vc_row_inner][vc_column_inner width=\u00bb1\/4&#8243;]<a\thref=\"\" \n\t\t\tclass=\"button btn_medium btn_theme_color btn_rounded btn_normal_style   boc_animate_when_almost_visible boc_left-to-right side_bounce_icon\"  target='_self'><span>FASE 1<\/span><\/a>[vc_column_text]<\/p>\n<ul>\n<li><a href=\"http:\/\/fernandezsalvador.gob.ec\/web\/wp-content\/uploads\/2024\/06\/Asamblea-Ciudadana-Fernandez-Salvador.pdf\" target=\"_blank\" rel=\"noopener\">Planificaci\u00f3n y facilitaci\u00f3n de proceso por la Asamblea Local<\/a><\/li>\n<\/ul>\n<p>[\/vc_column_text][\/vc_column_inner][vc_column_inner width=\u00bb1\/4&#8243;]<a\thref=\"\" \n\t\t\tclass=\"button btn_medium btn_theme_color btn_rounded btn_normal_style   boc_animate_when_almost_visible boc_right-to-left \"  target='_self'><span>FASE 2<\/span><\/a>[vc_column_text]<\/p>\n<ul>\n<li><a href=\"http:\/\/fernandezsalvador.gob.ec\/web\/wp-content\/uploads\/2024\/06\/APROBACION-Y-SOCIALIZACION.pdf\" target=\"_blank\" rel=\"noopener\">Aprobaci\u00f3n y socializaci\u00f3n<\/a><\/li>\n<li><a href=\"http:\/\/fernandezsalvador.gob.ec\/web\/wp-content\/uploads\/2024\/06\/GADS-FERNANDEZ-SALVADOR-FORMULARIO2023.pdf\" target=\"_blank\" rel=\"noopener\">Formulario 2023<\/a><\/li>\n<li><a href=\"http:\/\/fernandezsalvador.gob.ec\/web\/wp-content\/uploads\/2024\/06\/INVITACION-RENDICION-DE-CUENTAS.pdf\" target=\"_blank\" rel=\"noopener\">Invitaci\u00f3n rendici\u00f3n de cuentas<\/a><\/li>\n<\/ul>\n<p>[\/vc_column_text][\/vc_column_inner][vc_column_inner width=\u00bb1\/4&#8243;]<a\thref=\"\" \n\t\t\tclass=\"button btn_medium btn_theme_color btn_rounded btn_normal_style   boc_animate_when_almost_visible boc_left-to-right \"  target='_self'><span>FASE 3<\/span><\/a>[vc_column_text]<\/p>\n<ul>\n<li>Deliberaci\u00f3n P\u00fablica<\/li>\n<\/ul>\n<p>[\/vc_column_text][vc_video link=\u00bb https:\/\/www.youtube.com\/watch?v=KIn1y7BxILk\u00bb el_width=\u00bb70&#8243;][\/vc_column_inner][vc_column_inner width=\u00bb1\/4&#8243;]<a\thref=\"\" \n\t\t\tclass=\"button btn_medium btn_theme_color btn_rounded btn_normal_style   boc_animate_when_almost_visible boc_left-to-right \"  target='_self'><span>FASE 4<\/span><\/a>[vc_column_text]<\/p>\n<ul>\n<li><a href=\"http:\/\/fernandezsalvador.gob.ec\/web\/wp-content\/uploads\/2024\/06\/REGISTRO-DE-ASISTENCIA-RENDICION-DE-CUENTAS.pdf\" target=\"_blank\" rel=\"noopener\">Registro de asistencia rendici\u00f3n de cuentas<\/a><\/li>\n<\/ul>\n<p>[\/vc_column_text][\/vc_column_inner][\/vc_row_inner][\/vc_column][\/vc_row][vc_row][vc_column][\/vc_column][\/vc_row]<\/p>\n","protected":false},"excerpt":{"rendered":"<p>[vc_row][vc_column][vc_row_inner][vc_column_inner width=\u00bb1\/4&#8243;][vc_column_text] Planificaci\u00f3n y facilitaci\u00f3n de proceso por la Asamblea Local [\/vc_column_text][\/vc_column_inner][vc_column_inner width=\u00bb1\/4&#8243;][vc_column_text] Aprobaci\u00f3n y socializaci\u00f3n Formulario 2023 Invitaci\u00f3n rendici\u00f3n de cuentas [\/vc_column_text][\/vc_column_inner][vc_column_inner width=\u00bb1\/4&#8243;][vc_column_text] Deliberaci\u00f3n P\u00fablica [\/vc_column_text][vc_video link=\u00bb https:\/\/www.youtube.com\/watch?v=KIn1y7BxILk\u00bb el_width=\u00bb70&#8243;][\/vc_column_inner][vc_column_inner width=\u00bb1\/4&#8243;][vc_column_text] Registro de asistencia rendici\u00f3n de cuentas [\/vc_column_text][\/vc_column_inner][\/vc_row_inner][\/vc_column][\/vc_row][vc_row][vc_column][\/vc_column][\/vc_row]<\/p>\n","protected":false},"author":1,"featured_media":0,"parent":0,"menu_order":0,"comment_status":"closed","ping_status":"closed","template":"","meta":{"footnotes":""},"_links":{"self":[{"href":"http:\/\/fernandezsalvador.gob.ec\/web\/wp-json\/wp\/v2\/pages\/3073"}],"collection":[{"href":"http:\/\/fernandezsalvador.gob.ec\/web\/wp-json\/wp\/v2\/pages"}],"about":[{"href":"http:\/\/fernandezsalvador.gob.ec\/web\/wp-json\/wp\/v2\/types\/page"}],"author":[{"embeddable":true,"href":"http:\/\/fernandezsalvador.gob.ec\/web\/wp-json\/wp\/v2\/users\/1"}],"replies":[{"embeddable":true,"href":"http:\/\/fernandezsalvador.gob.ec\/web\/wp-json\/wp\/v2\/comments?post=3073"}],"version-history":[{"count":6,"href":"http:\/\/fernandezsalvador.gob.ec\/web\/wp-json\/wp\/v2\/pages\/3073\/revisions"}],"predecessor-version":[{"id":3086,"href":"http:\/\/fernandezsalvador.gob.ec\/web\/wp-json\/wp\/v2\/pages\/3073\/revisions\/3086"}],"wp:attachment":[{"href":"http:\/\/fernandezsalvador.gob.ec\/web\/wp-json\/wp\/v2\/media?parent=3073"}],"curies":[{"name":"wp","href":"https:\/\/api.w.org\/{rel}","templated":true}]}}