{"id":274,"date":"2016-12-02T16:33:46","date_gmt":"2016-12-02T16:33:46","guid":{"rendered":"http:\/\/fernandezsalvador.gob.ec\/web\/?page_id=274"},"modified":"2017-05-05T16:32:08","modified_gmt":"2017-05-05T16:32:08","slug":"situacional","status":"publish","type":"page","link":"http:\/\/fernandezsalvador.gob.ec\/web\/p-d-y-o-t\/diagnostico\/situacional\/","title":{"rendered":"Situacional"},"content":{"rendered":"<p>[vc_row][vc_column]<h2 class=\"boc_heading  center  boc_subheading boc_animate_when_almost_visible boc_bottom-to-top\"  style=\"margin-bottom: 20px;margin-top: 0px;color: #327a25;\"><span>\u201cDiagn\u00f3stico de la situaci\u00f3n social, econ\u00f3mica, salud, alimentaci\u00f3n, nutrici\u00f3n y de producci\u00f3n agr\u00edcola y pecuaria de las familias de la parroquia Fern\u00e1ndez Salvador, del cant\u00f3n Mont\u00fafar de la provincia del Carchi\u201d<\/span><\/h2>[vc_single_image alignment=\u00bbcenter\u00bb style=\u00bbvc_box_shadow\u00bb onclick=\u00bbcustom_link\u00bb img_link_target=\u00bb_blank\u00bb css_animation=\u00bbboc_animate_when_almost_visible boc_bottom-to-top\u00bb image=\u00bb1630&#8243; link=\u00bbhttp:\/\/fernandezsalvador.gob.ec\/web\/wp-content\/uploads\/2016\/12\/DIAGNOSTICO_SITUACIONAL_FER_SAL_2016.pdf\u00bb]<h2 class=\"boc_heading  center  boc_subheading bgr_multidotted  boc_animate_when_almost_visible boc_bottom-to-top\"  style=\"margin-bottom: 20px;margin-top: 0px;color: #327a25;\"><span><\/span><\/h2>[\/vc_column][\/vc_row]<\/p>\n","protected":false},"excerpt":{"rendered":"<p>[vc_row][vc_column][vc_single_image alignment=\u00bbcenter\u00bb style=\u00bbvc_box_shadow\u00bb onclick=\u00bbcustom_link\u00bb img_link_target=\u00bb_blank\u00bb css_animation=\u00bbboc_animate_when_almost_visible boc_bottom-to-top\u00bb image=\u00bb1630&#8243; link=\u00bbhttp:\/\/fernandezsalvador.gob.ec\/web\/wp-content\/uploads\/2016\/12\/DIAGNOSTICO_SITUACIONAL_FER_SAL_2016.pdf\u00bb][\/vc_column][\/vc_row]<\/p>\n","protected":false},"author":1,"featured_media":0,"parent":270,"menu_order":0,"comment_status":"closed","ping_status":"closed","template":"","meta":{"footnotes":""},"_links":{"self":[{"href":"http:\/\/fernandezsalvador.gob.ec\/web\/wp-json\/wp\/v2\/pages\/274"}],"collection":[{"href":"http:\/\/fernandezsalvador.gob.ec\/web\/wp-json\/wp\/v2\/pages"}],"about":[{"href":"http:\/\/fernandezsalvador.gob.ec\/web\/wp-json\/wp\/v2\/types\/page"}],"author":[{"embeddable":true,"href":"http:\/\/fernandezsalvador.gob.ec\/web\/wp-json\/wp\/v2\/users\/1"}],"replies":[{"embeddable":true,"href":"http:\/\/fernandezsalvador.gob.ec\/web\/wp-json\/wp\/v2\/comments?post=274"}],"version-history":[{"count":21,"href":"http:\/\/fernandezsalvador.gob.ec\/web\/wp-json\/wp\/v2\/pages\/274\/revisions"}],"predecessor-version":[{"id":1635,"href":"http:\/\/fernandezsalvador.gob.ec\/web\/wp-json\/wp\/v2\/pages\/274\/revisions\/1635"}],"up":[{"embeddable":true,"href":"http:\/\/fernandezsalvador.gob.ec\/web\/wp-json\/wp\/v2\/pages\/270"}],"wp:attachment":[{"href":"http:\/\/fernandezsalvador.gob.ec\/web\/wp-json\/wp\/v2\/media?parent=274"}],"curies":[{"name":"wp","href":"https:\/\/api.w.org\/{rel}","templated":true}]}}