{"id":1544,"date":"2017-04-19T01:21:04","date_gmt":"2017-04-19T01:21:04","guid":{"rendered":"http:\/\/fernandezsalvador.gob.ec\/web\/?page_id=1544"},"modified":"2017-04-25T20:40:43","modified_gmt":"2017-04-25T20:40:43","slug":"proyecto-de-cambio-nro-6-2","status":"publish","type":"page","link":"http:\/\/fernandezsalvador.gob.ec\/web\/p-d-y-o-t\/proyectos\/economico_productivo\/proyecto-de-cambio-nro-6-2\/","title":{"rendered":"Proyecto de cambio Nro. 6"},"content":{"rendered":"<p>[vc_row][vc_column]<h2 class=\"boc_heading  center  boc_subheading bgr_multidotted  boc_animate_when_almost_visible boc_left-to-right\"  style=\"margin-bottom: 20px;margin-top: 0px;color: #327a25;\"><span>\u00abEstablecimiento de un huerto de plantas medicinales en las granjas integrales de las familias de Fern\u00e1ndez Salvador\u00bb<\/span><\/h2>[vc_column_text]<strong>Descripci\u00f3n:<\/strong> Un huerto de plantas medicinales es un espacio destinado a la multiplicaci\u00f3n y conservaci\u00f3n de especies nativas que tienen cualidades medicinales, \u00fatiles para el hombre y los animales. El proyecto pretende potenciar a las granjas integrales familiares de la Parroquia, con la incorporaci\u00f3n de una unidad productiva de plantas medicinales, a su vez capacitar a los beneficiarios sobre el manejo y uso medicinal de estas especies nativas que com\u00fanmente no son producidas ni manejadas por los viveros comerciales.[\/vc_column_text]<h2 class=\"boc_heading  center  boc_subheading bgr_multidotted  boc_animate_when_almost_visible boc_left-to-right\"  style=\"margin-bottom: 20px;margin-top: 0px;color: #327a25;\"><span><\/span><\/h2>[\/vc_column][\/vc_row]<\/p>\n","protected":false},"excerpt":{"rendered":"<p>[vc_row][vc_column][vc_column_text]Descripci\u00f3n: Un huerto de plantas medicinales es un espacio destinado a la multiplicaci\u00f3n y conservaci\u00f3n de especies nativas que tienen cualidades medicinales, \u00fatiles para el hombre y los animales. El proyecto pretende potenciar a las granjas integrales familiares de la Parroquia, con la incorporaci\u00f3n de una unidad productiva de plantas medicinales, a su vez capacitar a los beneficiarios sobre el<\/p>\n<div class=\"h10\"><\/div>\n<p><a class=\"more-link1\" href=\"http:\/\/fernandezsalvador.gob.ec\/web\/p-d-y-o-t\/proyectos\/economico_productivo\/proyecto-de-cambio-nro-6-2\/\">Read more<\/a><\/p>\n","protected":false},"author":1,"featured_media":0,"parent":1502,"menu_order":0,"comment_status":"closed","ping_status":"closed","template":"","meta":{"footnotes":""},"_links":{"self":[{"href":"http:\/\/fernandezsalvador.gob.ec\/web\/wp-json\/wp\/v2\/pages\/1544"}],"collection":[{"href":"http:\/\/fernandezsalvador.gob.ec\/web\/wp-json\/wp\/v2\/pages"}],"about":[{"href":"http:\/\/fernandezsalvador.gob.ec\/web\/wp-json\/wp\/v2\/types\/page"}],"author":[{"embeddable":true,"href":"http:\/\/fernandezsalvador.gob.ec\/web\/wp-json\/wp\/v2\/users\/1"}],"replies":[{"embeddable":true,"href":"http:\/\/fernandezsalvador.gob.ec\/web\/wp-json\/wp\/v2\/comments?post=1544"}],"version-history":[{"count":2,"href":"http:\/\/fernandezsalvador.gob.ec\/web\/wp-json\/wp\/v2\/pages\/1544\/revisions"}],"predecessor-version":[{"id":1580,"href":"http:\/\/fernandezsalvador.gob.ec\/web\/wp-json\/wp\/v2\/pages\/1544\/revisions\/1580"}],"up":[{"embeddable":true,"href":"http:\/\/fernandezsalvador.gob.ec\/web\/wp-json\/wp\/v2\/pages\/1502"}],"wp:attachment":[{"href":"http:\/\/fernandezsalvador.gob.ec\/web\/wp-json\/wp\/v2\/media?parent=1544"}],"curies":[{"name":"wp","href":"https:\/\/api.w.org\/{rel}","templated":true}]}}